)).
-52
3 - 0 - (-26 - (-25 - -146) - (0 + -22))
128
What is the value of -13 + (54 - (0 + 9))?
32
Calculate 20 + (1 - 31) - 29 - (-11 + -3 + 5).
-30
What is -116 + (32 + 51 - 90)?
-123
Evaluate 65 + (84 - 43 - 85).
21
-18 + -89 + 0 + 206
99
What is the value of -4 + (0 - -48) - -2 - (330 - 330)?
46
What is -58 + (11 - (-36 + 25 - -5))?
-41
(-19 - (-94 + 72)) + -54 + 0
-51
What is 107 + (12 + -3 - (681 + -663))?
98
Calculate -11 - 0 - (-17 + (-5 - (-32 + -3)) - 127).
103
What is the value of (136 - 133) + 95 + -18?
80
90 - (-77 + 156) - -19
30
What is -583 + 570 + -2 + 55?
40
(5 - (-2 + (-8 - -16 - (-1 + 98)))) + -4
92
Calculate 0 + -40 + 4 - (-15 + 6 + 24).
-51
-182 + 178 + (2 - 5) + 46 + (14 - 5)
48
21 - (164 + -184 - (-2 - 8))
31
What is (-36 - 8) + 3 + 2 - (67 - 68)?
-38
What is (2 - 122 - -7) + (-12 - (-29 + 8))?
-104
What is -43 + 4 + -4 + 8 - -7?
-28
What is (-5 - -21) + 34 + (13 - 39)?
24
What is the value of -33 + (-9 - -35) - 5?
-12
-5 - (17 + -21 + 42 + -13 + 1)
-31
What is the value of 8326 - 8300 - (-5 - (2 + 0))?
33
What is -7 - ((5 + (5 - -4) - 5) + -20)?
4
Evaluate (16 - 34) + 1 - -12 - 12.
-17
Evaluate -71 - (-99 - (-11 - -72)).
89
Evaluate -36 - (-22 - 1) - (-10 - -24).
-27
What is the value of 5 + 0 + 131 + (80 - (-16 - -116))?
116
Calculate 2 - ((868 - 891) + (-1 - -24) - (-2 + -75)).
-75
What is (-10 - -28) + -14 + -17?
-13
What is (15 - (-21 - -43) - 120) + (8 - 21)?
-140
What is (-120 - 143 - -133) + (0 - -41)?
-89
What is the value of -2 - (33 + 0 + (1062 - 1082))?
-15
Evaluate (-6 - 3) + (59 + -13 - 61).
-24
What is the value of (16 - -2 - 5) + (6 - 10) + 20?
29
What is (243 - 238) + (1 - -5) + 19 - (-5 - 1)?
36
Calculate (52 - (72 - 14)) + 94.
88
Evaluate 785 - 787 - (1 + 1 - -52).
-56
What is the value of (6 - 0) + -137 + 113 + (-9 - (-5 + 1))?
-23
Calculate -85 - -11 - -3 - (-18 + 15 + (-3 - -9)).
-74
Calculate 0 + 32 + 9 + -20 + (18 - 18).
21
Calculate (9 - 1) + -19 - (6 + -3 + 6).
-20
-1 + -9 - (-99 + 65 + -14)
38
What is 15 - (1 + -2 + 2) - (-11977 - -11996)?
-5
Evaluate 73 + (-156 - -40) + 10 + -2 + 1.
-34
Calculate (-80 - (-176 - -54)) + -67.
-25
20 + -56 + (39 - 15) + -13 + -3
-28
What is 31 + (7 - -1) + -49?
-10
What is (-166 - -124) + -1 + -2 + (-11 - -6) + 11?
-39
What is 7 - (-15 + 14 + (24 - 2))?
-14
What is 28 + (-13 + -9 + 37 - (-10 + 27))?
26
Calculate -10 + -3 + 4 + (25 - 20) - 27.
-31
What is (-18 - (17 + -41)) + 1 + -12 + 5 - -125?
125
-126 + 60 + (-9 - 36)
-111
Evaluate (18 + -38 - -38) + 22.
40
What is 17 + (191 - 195) + (-1 - 5) - 85?
-78
Calculate (-2 - -8) + (-489 - -529) + (-127 - -1).
-80
Calculate -392 - -457 - (-6 + 95).
-24
What is -10 + 2 - (24 - (-1 + 0) - (18888 - 18830))?
25
What is -44 + (14 - (11 + 0 - (42 + -37)))?
-36
(2 - (5 - -1)) + (-5241 - -5238)
-7
Evaluate -108 + (1 - 2) - (90 - (95 + -10)).
-114
What is 18 + -81 + 53 + 55?
45
(4 + -11 - -4) + -13 - (-91 - -7)
68
(9 - 31) + 4 + 77
59
Evaluate -96 - (60 + -52 + 0 + (-7 - -4) + -1).
-100
Calculate (19 - 4) + (-23 + (-33 - -33) - -20).
12
Evaluate (-145 - -49) + -1 - -6.
-91
What is the value of 28 + -13 + ((13 - 17) + -3 - -8)?
16
What is the value of 33 - (16 + 73) - -28?
-28
What is the value of -35 + -7 + (4 - (-2 - 8))?
-28
Calculate -1 - (11 + 61 - (3 - (17 - 5 - 1))).
-81
Calculate (-13 - (-2 - 0)) + (-39 + 32 - 4) + 37.
15
Calculate -32 + -23 + 30 + 35 + -16.
-6
What is the value of -100 + (234 - 45) + -33?
56
(-42 - (-1 + -1)) + 0 - (-52 - -41)
-29
-7 + 1 + 0 + 25 + (-53 - -24) - 47
-57
Evaluate 7 - (9 + (17 - (22 - -12))).
15
What is (12 + -23 - 15) + -78 + 169?
65
What is 40 - (-2 - (3 - ((-9 - -25) + -10 + -7)))?
46
Calculate -3 + -7 + 2 - (-156 - (37 + -48)) - -11.
148
Calculate (-11 - 16) + (2 + -17 - -4) + 19.
-19
Evaluate 1 + -38 + 19 + 1 + 22.
5
Calculate (-8 - (4 - (2 + -4))) + 15 - 55.
-54
Calculate 1 - (20 + -19 - 18 - -7).
11
What is (7 - 6 - (-1 - -7)) + (322 - 275)?
42
14 + 43 + -65 + (-3 - (15 - 0))
-26
Calculate 63 - 1 - (13 - -14).
35
What is 2 + -10 + 66 + -54 + 13 + -27?
-10
What is the value of 3 + (-12 - -3) - (11 - (8 + -15 + 16))?
-8
What is (-7 - 1) + -7042 + 7150?
100
What is -1 + (23 - 114) + (39 - 34) + -1 + -4?
-92
What is the value of -10 - (13 + -21 + 5 + -33)?
26
What is the value of (39 - -3) + 666 + -706?
2
What is the value of 1 + (-10 - (6 + 13 - 21)) + -104?
-111
-7 - -39 - (11 + -27 + (-5 - -7) - -4)
42
What is the value of -13 + 20 + (16 - 9) + -15 + -38?
-39
7 + -20 + -14 + 71 + -34
10
Evaluate -17 + 16 + -4 + -12 + -29.
-46
What is (-117 - (48 + -54)) + 106?
-5
Calculate 40 - (6 - (-13 + -24)).
-3
Evaluate -26 - 75 - ((7 - -15) + -51).
-72
Calculate -4 - (22 + -5) - (-52 - (20 - 88)).
-37
7 + -158 - (34 - 102)
-83
-154 + -88 + 145 + 201
104
What is the value of -1 - 12 - ((-1608 - -1641) + -58 + 1)?
11
Evaluate -5 + 7 - -17 - (142 - 143).
20
Evaluate 93 + (-16 - 0) + 167 + -163 - -9.
90
Evaluate (24 - -18) + 10 + -37.
15
What is the value of (-135 - 3) + (9 - -2 - ((-2 - 15) + 24))?
-134
What is -15 - ((42 - 64) + 14) - (96 + 0)?
-103
9 + 59 + (45 - 57) + -143
-87
-18 + (-21 - -7) + (2 - (-2 + 0))
-28
1 + -7 + 54 + -57 - 51
-60
What is (20 - (-9 - -6)) + (13 - 16)?
20
What is (25 - (12 - 8)) + -3 + 26?
44
Evaluate -8 + -76 - (232 - 391).
75
Evaluate 22 + -86 + (55 - 11) + -12.
-32
What is the value of 238 - (242 - 41) - (37 - 2)?
2
Evaluate -4 + -30 - (0 + -11 + 1 + 17 + -3).
-38
Evaluate 139 + -8 + -87 + -60.
-16
(11 - ((-4 - -16) + (-9 - 6)) - 12) + -34
-32
What is (1 - 10) + (-116 - -165) + 10?
50
Evaluate -19 + (26 - (-23 + 33)) + 6.
3
-30 + 21 + -24 + 11
-22
6 + ((-4 - 14) + 16 + (-11 - -5) - -71)
69
Evaluate (-11 + 4 + 11 - (47 + (0 - 2))) + 1.
-40
(39 - (18 + -9 - -19)) + -30
-19
Calculate -17 + -15 - -20 - (-17 - -3).
2
What is the value of (-911 - -927) + (-1 - (-24 + 0)) - 14?
25
What is the value of 1 - -19 - (87 + -62 + -20) - -17?
32
Calculate 86 - (275 - (124 + 8)).
-57
What is -7 - -8 - 10 - (-35 - (-6 - 8)) - -15?
27
Evaluate 60 - (-12 + 86) - ((-1 - 0) + -51).
38
What is 5 + -32 + 17 + 15 - 45?
-40
What is 17197 + -17206 - (-3 + 2 - 55)?
47
What is the value of -7 + (1 + -13 + 20 - -8) + 1?
10
What is the value of (1 - -2 - -25) + -20 - (-2 + 1 + 38)?
-29
What is (6 - (-7 + 11) - (6 + -3)) + -6 + 70?
63
-1 - (6 - 2) - 2 - (-2532 - -2459)
66
336 + -324 - (7 - 10 - (-3 + 60 + 3))
75
What is -9 + 15 - ((11 - (11 + 4)) + -54)?
64
What is the value of (64 - 94) + 65 - (3 - (2 + 13 - 1))?
46
Evaluate 47 + 10 + (27 - 50) - 90.
-56
(0 + 1 - -15) + -170 + 110 + -12
-56
Calculate 68 + -77 + -13 + 7 + 3 + (-3 - 5).
-20
Evaluate 8 + -2 - (108 - (200 + -73)).
25
(15 - (-1 - -4 - (-44 - -58))) + -8
18
What is -153 - (37 - 21 - 106)?
-63
Calculate (-25 - 1 - -7) + 29 + -5.
5
Calculate 2 + (-67 - 0) - (9453 + -9464).
-54
Evaluate 71 - (3 + -17 - -11 - (13 + -24)).
63
Calculate (129 - (149 - 14)) + -14.
-20
Calculate 2 - 15 - (15 + -10 + (97 - 12) + -13).
-90
What is the value of -10 + 4 + 20 - (27 - (-16 - -9))?
-20
Calculate -32 + 174 + -122 - -30.
50
What is the value of 9 + (5 - (2 + -6) - (4 - (1 - -14)))?
29
What is -1 + 5 + ((-35 - -65) + 15 - 80)?
-31
Evaluate 4 + (-1 - 0) + -10 + 16 + 88 + -55.
42
What is the value of (35 - -1) + (1 - -95 - 111)?
21
Calculate (-37 - 113) + 65 - 12.
-97
What is -45 + (39 + -19 + -13 - 2)?
-40
Evaluate -2322 + 2344 + (5 - -1 - -1).
29
Calculate -3 + (-2 - 0) + (28 + (-14 - 15) - -8).
2
Calculate -9 + 19 + -8 + 7 - 9.
0
Calculate (101 + -28 - -33) + (-23 - -13 - -16).
112
What is the value of 30 + (2 - -1) - (3 - (17 - (38 - 14)))?
23
Calculate 8 + 34 - (154 + -103).
-9
What is the value of -64 - (1 + -19 - -10 - (10 - 5))?
-51
What is 37 + (-45 - 64) + -29?
-101
(-128 - 12) + (20 - -27)
-93
Calculate 29 + (-5 - (-47 + 28)) + 52.
95
What is the value of -84 + -3 + (-17 - (-32 - 5)) + -2?
-69
What is 47 - (51 + (10 - 56))?
42
(301 + -269 - (-2 + (0 - 1))) + 8
43
-64 - (47 + -87 + -82)
58
190 - 260 - (-43 + -10) - (105 + -1)
-121
86 + -95 + 7 + (1 - 2) + (9 - -41)
47
Calculate (4 - (-22 - -14)) + (-31 + 17 - -9).
7
32 - 40 - (-60 - ((-4 - -2) + -5 + 8))
53
Evaluate -52 - -3 - (39 - 61) - -90.
63
Evaluate (-90 - -122) + -112 + 1 + 13 + -3.
-69
Evaluate -3 + (2 + -7 - (5 - (-20 + (9 - -44)))).
20
What is 30 + 19 + 52 + -36 + 13?
78
Calculat